prime number?
False
Is 7363 prime?
False
Is 737729 composite?
False
Is 6739 prime?
False
Is 123643 prime?
False
Is 321089 a composite number?
True
Is 3983 composite?
True
Is 89263 a prime number?
False
Is 410929 composite?
False
Is 179161 a composite number?
False
Is 42962 prime?
False
Is 120223 composite?
False
Is 228721 a prime number?
False
Is 22061 a prime number?
False
Is 5039 a prime number?
True
Is 6999 prime?
False
Is 65179 a prime number?
True
Is 184133 a composite number?
False
Is 2307073 a prime number?
True
Is 1637 a prime number?
True
Is 72613 prime?
True
Is 1921 a composite number?
True
Is 898 composite?
True
Is 16477 composite?
False
Is 5182 a composite number?
True
Is 786133 prime?
False
Is 48301 composite?
True
Is 327491 a prime number?
True
Is 541 a composite number?
False
Is 45949 a composite number?
False
Is 47631 a composite number?
True
Is 140443 a prime number?
True
Is 36466 prime?
False
Is 36973 prime?
True
Is 3643 composite?
False
Is 223 a prime number?
True
Is 299297 composite?
True
Is 1992997 prime?
False
Is 258277 a composite number?
False
Is 5207 prime?
False
Is 56237 prime?
True
Is 9337 a composite number?
False
Is 15551 a prime number?
True
Is 270493 composite?
False
Is 471119 composite?
True
Is 75562 a composite number?
True
Is 24607 a prime number?
False
Is 30434 a composite number?
True
Is 1793 composite?
True
Is 2953 a prime number?
True
Is 590983 a composite number?
False
Is 15941 a prime number?
False
Is 161167 prime?
True
Is 396505 a prime number?
False
Is 2155 composite?
True
Is 125839 a composite number?
True
Is 8543 prime?
True
Is 137563 prime?
False
Is 397117 composite?
True
Is 172103 a prime number?
False
Is 4769 composite?
True
Is 16729 prime?
True
Is 1807067 prime?
True
Is 13313 prime?
True
Is 116789 composite?
False
Is 18847 prime?
False
Is 1059413 prime?
True
Is 1131981 a composite number?
True
Is 177121 composite?
True
Is 76033 prime?
False
Is 119557 prime?
True
Is 6731 composite?
True
Is 229343 a prime number?
True
Is 1332119 a prime number?
True
Is 943 prime?
False
Is 15727 composite?
False
Is 120503 a composite number?
False
Is 21194 a composite number?
True
Is 511985 a prime number?
False
Is 1753 a prime number?
True
Is 93733 a prime number?
False
Is 342415 prime?
False
Is 33883 a composite number?
True
Is 202093 a composite number?
True
Is 9677 a composite number?
False
Is 2031 prime?
False
Is 579527 a prime number?
False
Is 216797 prime?
False
Is 353 a composite number?
False
Is 224443 composite?
False
Is 373 composite?
False
Is 559967 a prime number?
True
Is 179599 prime?
False
Is 2999 prime?
True
Is 87949 prime?
False
Is 440567 a prime number?
True
Is 19547 a prime number?
False
Is 5261 a prime number?
True
Is 6533 composite?
True
Is 16571827 composite?
False
Is 22411 composite?
True
Is 72347 prime?
False
Is 57971 a prime number?
False
Is 18185 composite?
True
Is 8135 a prime number?
False
Is 227489 a prime number?
True
Is 32659 a composite number?
True
Is 26981 composite?
False
Is 2245391 prime?
True
Is 13117 a composite number?
True
Is 1931 a prime number?
True
Is 24803 prime?
False
Is 175129 a composite number?
False
Is 81323 prime?
False
Is 913 a composite number?
True
Is 223 composite?
False
Is 5077 a prime number?
True
Is 2767 composite?
False
Is 13859 prime?
True
Is 6119 a composite number?
True
Is 15107 prime?
True
Is 8999 prime?
True
Is 1461259 a composite number?
True
Is 64131 composite?
True
Is 21241 composite?
True
Is 7901 prime?
True
Is 40537 prime?
False
Is 87799 a prime number?
False
Is 101663 a composite number?
False
Is 58871 a prime number?
False
Is 1931 prime?
True
Is 18041 a composite number?
False
Is 1255 prime?
False
Is 32993 prime?
True
Is 8419 prime?
True
Is 218789 a prime number?
False
Is 92893 a prime number?
True
Is 521909 prime?
False
Is 1151 composite?
False
Is 13835 composite?
True
Is 29819 a composite number?
False
Is 2153 composite?
False
Is 4177 a composite number?
False
Is 21179 prime?
True
Is 1046069 a composite number?
False
Is 59966 a composite number?
True
Is 23917 prime?
True
Is 700285 a composite number?
True
Is 15055 prime?
False
Is 123787 a composite number?
False
Is 104809 a composite number?
True
Is 225139 prime?
False
Is 33007 composite?
True
Is 668053 composite?
True
Is 887 prime?
True
Is 169183 composite?
True
Is 31399 prime?
False
Is 19219 a prime number?
True
Is 316517 a prime number?
False
Is 799361 prime?
True
Is 160423 a composite number?
False
Is 569369 a prime number?
True
Is 1219 a prime number?
False
Is 302311 composite?
True
Is 9509 a prime number?
False
Is 10493 a prime number?
False
Is 110527 a composite number?
False
Is 191 prime?
True
Is 99511 composite?
True
Is 7493 prime?
False
Is 218047 composite?
False
Is 57471 prime?
False
Is 19541 prime?
True
Is 5959 a prime number?
False
Is 86951 a prime number?
True
Is 105521 a composite number?
True
Is 231269 composite?
False
Is 4963 composite?
True
Is 751942 composite?
True
Is 183 composite?
True
Is 45949 a prime number?
True
Is 2866 a prime number?
False
Is 50233 a prime number?
False
Is 1973 a prime number?
True
Is 351179 composite?
False
Is 564523 prime?
True
Is 4441 a composite number?
False
Is 126311 a prime number?
True
Is 178361 a prime number?
True
Is 535793 prime?
True
Is 188197 composite?
False
Is 1365251 a prime number?
True
Is 102059 a composite number?
False
Is 4201 a prime number?
True
Is 15493 a composite number?
False
Is 22513 prime?
False
Is 40577 prime?
True
Is 68851 a prime number?
False
Is 11791 prime?
False
Is 57329 composite?
False
Is 133039 prime?
True
Is 3817 a composite number?
True
Is 54895 composite?
True
Is 44713 composite?
True
Is 68171 a composite number?
False
Is 94201 composite?
False
Is 18617 prime?
True
Is 3049 composite?
False
Is 119687 prime?
True
Is 23099 composite?
False
Is 356786 a composite number?
True
Is 12981 composite?
True
Is 361685 a composite number?
True
Is 73703 prime?
False
Is 73043 composite?
False
Is 676558 composite?
True
Is 242693 composite?
True
Is 108627 a prime number?
False
Is 621901 composite?
True
Is 309139 a composite number?
True
Is 9613 a composite number?
False
Is 137117 a prime number?
True
Is 535063 prime?
False
Is 629 prime?
False
Is 1157 prime?
False
Is 1227853 a composite number?
True
Is 109357 prime?
True
Is 206381 a prime number?
False
Is 2453 prime?
False
Is 35761 a composite number?
True
Is 122443 a prime number?
True
Is 38463 composite?
True
Is 71249 prime?
True
Is 1030819 prime?
False
Is 217901 prime?
True
Is 16099 a prime number?
False
Is 32251 a composite number?
False
Is 414887 prime?
False
Is 69847 prime?
True
Is 83 prime?
True
Is 33149 a prime number?
True
Is 4535 prime?
False
Is 631 composite?
False
Is 31547 a composite number?
False
Is 9277 a composite number?
False
Is 61879 composite?
False
Is 139631 a composite number?
True
Is 165643 composite?
True
Is 7177 a prime number?
True
Is 17837 prime?
True
Is 87445 a composite number?
True
Is 1293899 prime?
True
Is 256407 prime?
False
Is 31385 prime?
False
Is 40835 prime?
False
Is 1589501 prime?
True
Is 21977 a composite number?
False
Is 5227 prime?
True
Is 4513 composite?
False
Is 25989 composite?
True
Is 124885 prime?
False
Is 18283 a composite number?
True
Is 17362 a composite number?
True
Is 9274 composite?
True
Is 12781 a composite number?
False
Is 22147 prime?
True
Is 65629 composite?
False
Is 10167 composite?
True
Is 13171 composite?
False
Is 1147 a composite number?
True
Is 17693 a prime number?
False
Is 4969 prime?
True
Is 349939 composite?
False
Is 4162 prime?
False
Is 1765289 a prime number?
True
Is 966817 prime?
True
Is 1385 composite?
True
Is 9511 prime?
True
Is 2153 a composite number?
False
Is 3163 a prime number?
True
Is 16087 composite?
False
Is 248033 composite?
False
Is 3332957 prime?
True
Is 497563 a prime number?
False
Is 27617 a composite number?
False
Is 2699 a composite number?
False
Is 371089 a prime number?
False
Is 81493 composite?
True
Is 58831 a composite number?
False
Is 191683 a prime number?
False
Is 71567 a composite number?
True
Is 27831 a composite number?
True
Is 111029 a composite number?
False
Is 4471 a composite number?
True
Is 281717 a composite number?
False
Is 158386 a composite number?
True
Is 42803 a prime number